ns digit of s?
9
What is the hundreds digit of (-6)/((-2)/35 + 8360/147378)?
3
Let m = -24 + 27. Suppose -5*n - 440 = -m*z + 271, 0 = -4*n - 12. What is the tens digit of z?
3
Suppose 2*u - h - 17 = 0, 0*u = 2*u + 4*h - 22. Suppose 4*v - 2*i = 1302, 3*v - 5*i + u*i - 993 = 0. What is the tens digit of v?
2
Let s(a) = 74*a**2 + 85. What is the hundreds digit of s(-9)?
0
Suppose -8*b + 5 = -35. Suppose 6*k - 3*m + 2619 = 11*k, -b*k = m - 2613. What is the tens digit of k?
2
Let w be (-6 + 3)/((-6)/(-4624)). What is the units digit of (-4 - 1 - w)/(2 - -1)?
9
Suppose -11*x - 5 = 6. Let m be (-2 - 2)/(1/2)*x. What is the tens digit of 1370/m + (-1 - (-21)/12)?
7
Let v = 405 - 383. Suppose -v*k = -16*k - 3252. What is the hundreds digit of k?
5
Let c = 653 - 1. Suppose 197 = w + c. Let s = -301 - w. What is the hundreds digit of s?
1
Suppose -23 = 11*o - 122. Suppose -2*s = o*s. Suppose d + s*m - 99 = 3*m, -3*d - 5*m = -227. What is the tens digit of d?
8
Suppose 0 = -0*z - z - 2, k + 4*z - 4315 = 0. Suppose -5*h + 2*a = -9405 + 2216, 3*h + 2*a = k. What is the tens digit of h?
3
Let a be 36/(-162) + (-304)/9. Let p be (a/1)/((-40)/60). Let u = 36 + p. What is the units digit of u?
7
Suppose -5*x + 304*c + 206814 = 301*c, 4*x = -4*c + 165432. What is the ten thousands digit of x?
4
Let o(z) = z**2 + 6*z + 2. Let n be o(-6). Suppose 5*c - 149 = -y + 209, n*y + 4 = 0. Let k = c + -17. What is the tens digit of k?
5
Let s be (-10)/(-15)*15/2. Suppose -1035 = -s*g + 5*q, g + 2*q - 57 = 150. Let r = g - 88. What is the tens digit of r?
1
Let z be 3/15 - (-195)/25. Suppose -z*u = -3*u - 640. What is the tens digit of u?
2
Let x(a) be the second derivative of -a**4/12 + 17*a**3/3 - 20*a**2 - 39*a. Let m be x(26). Suppose 0 = 2*k - m - 196. What is the tens digit of k?
8
Let a = 12580 + -2496. What is the tens digit of a?
8
Suppose 84*l = 160*l - 98*l + 49698. What is the tens digit of l?
5
Let v(d) = -13*d**3 - 262*d**2 + 16*d + 23. What is the hundreds digit of v(-22)?
2
Let z be 6/20 - (-10097)/10. Suppose 2*a - 12*a + z = 0. What is the units digit of a?
1
Suppose -59 + 34 = -5*a, a = 3*d + 77. What is the units digit of (-34035)/d + (-28)/224?
8
Suppose 3*h + 5*l = 73942, 2*h = -6*l + 10*l + 49302. What is the ten thousands digit of h?
2
Let l = 2935 - 2101. What is the units digit of l?
4
What is the units digit of (285/475)/(1/6220)?
2
Let r be ((-32)/24)/(-2) + (-1898)/(-6). Suppose 5*n + 529 = 4*d, r = -3*n - 0*d + 2*d. Let z = 215 + n. What is the tens digit of z?
1
Let h = 401 - 401. Suppose -7*n + 665 + 4039 = h. What is the hundreds digit of n?
6
Let q be (3/4)/(2/8). Suppose -3*g - q*g - 24 = 0. Let i(w) = -w**2 - 2*w + 10. What is the units digit of i(g)?
2
Suppose 204816 = 67*w - 83150. What is the tens digit of w?
9
Suppose -5*g - 11056 = -13*g. Suppose 2*p = -5*d + g, 0 = 12*d - 10*d. What is the hundreds digit of p?
6
Let n(y) = 10*y**2 + 7*y - 3. Let c(i) = i**2. Let b(h) = 5*c(h) + n(h). What is the units digit of b(-5)?
7
Suppose -2*x + 8 = 2*x. Suppose 5*l + 23 = 10*l + 2*c, -l + 2*c = 5. Suppose 5*h - 38 = -k + 2*k, l*h - x*k = 27. What is the units digit of h?
7
Let u(b) be the second derivative of -2*b**3/3 + 20*b**2 - 11*b - 2. Suppose 20 = -3*f - 5*c, -4*f + 5*c = -f - 20. What is the units digit of u(f)?
0
What is the tens digit of ((-104436)/30 - 0)/(5/((-250)/15))?
0
Let q(h) = 4*h + 116. Let m be q(-29). Suppose -185 = -3*g - 3*i + 139, m = 5*i. What is the hundreds digit of g?
1
Let t = 1981 - 890. Let w = t + -737. What is the hundreds digit of w?
3
Let o = 47 - 45. Let p(r) = 62*r**2 - 9 + 66*r**2 - 125*r**o + 13*r. What is the units digit of p(-7)?
7
Suppose -4*s - 112 = -4*i, 56*s - 124 = -4*i + 54*s. Suppose -34*h + 5372 = -i*h - t, 4*h + t - 5372 = 0. What is the hundreds digit of h?
3
Let y = 28645 + -4801. What is the hundreds digit of y?
8
Suppose -326*w = -331*w + 30. Suppose 5*f + 4860 + 236 = -2*h, -2038 = 2*f + h. What is the hundreds digit of (2 + (-4)/w)/((-10)/f)?
1
Let p = 22 + -20. Suppose 1545 = -5*h - 5*x, 0*x - 5*x - 321 = h. What is the units digit of (-3 + p)/(-1 - 303/h)?
2
Suppose u - 12 = 4*u, -86 = -3*s + 2*u. Suppose 695 + s = 4*i - 3*n, 0 = -n + 1. What is the hundreds digit of i?
1
Suppose -844*r + 5*h = -848*r + 64350, -32166 = -2*r - 4*h. What is the units digit of r?
5
Suppose -6*q - 280 = -2*q. Suppose b - 6*b + 720 = 0. Let j = q + b. What is the units digit of j?
4
Let g be 0/40*(-2 - 33/(-15)). Suppose 6*v = v + 3*q + 7120, g = -v + q + 1422. What is the hundreds digit of v?
4
Let j(g) = -g**2 + 17*g + 39. Suppose 20*y = 19*y + 19. What is the units digit of j(y)?
1
Let c(t) = -37*t - 1649. What is the tens digit of c(-80)?
1
Let j = 7 + 5. Let o = j - 12. Suppose o = -24*m + 20*m + 304. What is the tens digit of m?
7
Let u(g) = -25*g - 74. Let f(v) = -50*v - 149. Let x(p) = 4*f(p) - 7*u(p). What is the units digit of x(-15)?
7
Let x = -79 + 79. Suppose x = 14*t - 15*t + 601. What is the tens digit of t?
0
Suppose -4*x - 2*c - 108 = 0, 0*x + 146 = -5*x + 3*c. What is the units digit of -4*(-4)/x - (-17170)/35?
0
Let l = 68 + 3613. Suppose -8*w = -17*w + l. What is the hundreds digit of w?
4
Suppose -y = 4*w - 170, 0 = w + 4*y - 55 + 5. Suppose -14*s = -12*s - 40. Let l = s + w. What is the units digit of l?
2
Let i(k) = k**2 - 21*k - 162. Suppose -198 = 12*s - s. What is the hundreds digit of i(s)?
5
Let h = 141 + -82. Let q = -59 + h. Suppose q = -9*g - 4*g + 3744. What is the tens digit of g?
8
What is the units digit of (-3 + 5)/(((-18)/(-594))/((-193)/(-3)))?
6
What is the thousands digit of (-730296)/(-70) - (-2 + (-27)/(-15))?
0
Let k = -63 + 51. Let l be k/(-8) - (-102)/4. Suppose 2*b + q - 89 = 0, 2*q + 5 + l = b. What is the tens digit of b?
4
Suppose -51*c + 55*c = -156. Let z = -36 - c. What is the units digit of (2 - 1) + -1*z + 94?
2
Let u be (3 + (-56940)/(-5))*(-1)/3. Let b = u - 6387. What is the hundreds digit of 1/3 + b/(-57)?
1
Let f(v) = -471*v**3 + 19*v**2 - 4*v - 3. What is the thousands digit of f(-4)?
0
Let k = 54 + -53. What is the units digit of (k + -2)*2336/(-4)?
4
Let h = 16607 + -11363. What is the hundreds digit of h?
2
Suppose -72*w - 110 = 162 + 88. Let v(r) = -12*r + 0 - 11 - 17. What is the units digit of v(w)?
2
Suppose 0 = 10*q - 257*q + 19*q + 19851732. What is the hundreds digit of q?
0
Let n be (49/(-2))/((-6)/(-12)). Let z = n - -166. Suppose -z = -d - 7. What is the hundreds digit of d?
1
What is the hundreds digit of 10*1 + (263 - -13634)?
9
Suppose 0 = -d + 3*n + 2460, 3*d + n - 382 = 6968. Let m = d + -1562. What is the units digit of m?
9
Let b = 13896 + -12526. What is the tens digit of b?
7
Suppose 322 = -2*c + 316, 3*c - 76044 = -3*s. What is the ten thousands digit of s?
2
Let y be (2 - 22)/(-1)*(-99)/15. Let u = y - -134. Suppose -5*t - u*i + 282 = 0, 0*t - 136 = -2*t + 5*i. What is the tens digit of t?
5
Let d(v) = 73*v - 3. Suppose -2*f = 4 + 72. Let o = 39 + f. What is the tens digit of d(o)?
7
Let v = 27 - 31. Let d be 6/v - (-45)/18. What is the tens digit of 128 + d + 3 + -1?
3
Suppose -4*p + 98398 = 2*k, -44*p = -45*p + 3*k + 24610. What is the units digit of p?
1
Let u(g) = 2*g**2 - 12*g + 6. Let y = 132 + -118. What is the hundreds digit of u(y)?
2
Let h = 2290 - -3829. What is the thousands digit of h?
6
Suppose -16*n + 41*n - 100 = 0. Let z = 1667 - 417. Suppose -6*x + z = n*x. What is the units digit of x?
5
Let v(p) = 62*p**2 + 3*p + 311. What is the ten thousands digit of v(13)?
1
Suppose o + 866 = -4*d, -3*o + 5*o = -3*d - 647. Let j = -26 - d. What is the hundreds digit of j?
1
Let l be 241 + (-2 - (-2 - -6)). Suppose -l + 1770 = 5*x. What is the hundreds digit of x?
3
Suppose 0 = 3*a - 5*t - 14960, -6*a - 6*t + 4*t + 29944 = 0. What is the hundreds digit of a?
9
Let o be 0/1 + 14 + -8 + -2. What is the tens digit of 265 - 1*(10 - o)?
5
Let r(f) = 28*f**3 + 8*f**2 - 105*f + 911. What is the thousands digit of r(9)?
1
Let q = -53 + 55. Suppose -q*g + 9 = 1. Suppose -4*k + 1144 = g*k. What is the units digit of k?
3
Suppose -2*d - 24 = -4*t, d = 3*t - 8*t + 23. Suppose t*s - 246 = 4. Let f = s + 1. What is the tens digit of f?
5
Let q(z) = -2*z**2 + 11*z + 6. Let t be q(6). Suppose 2*a + t*a = -2*u + 266, 2*a + 5*u = 2